= 18*r + 900, 3*r - 163 = -h. Calculate the remainder when h is divided by 28.
10
Suppose -5*g - 23 = -p - 65, 3*p + 30 = 3*g. What is the remainder when (-396)/(-14) - (-2)/(-7) is divided by g?
4
Let p(m) be the second derivative of -2*m + 1/2*m**2 + 0 + 19/6*m**3. Calculate the remainder when p(3) is divided by 15.
13
Suppose w + 5*q - 24 = 0, -3*q + 1 = 2*w - 19. What is the remainder when 9 is divided by w?
1
Suppose -325 = -3*d - 82. Calculate the remainder when d is divided by 23.
12
Calculate the remainder when 27729/91 + (-2)/(-7) is divided by 22.
19
Let h = -135 + 300. Let n = 889 - 861. What is the remainder when h is divided by n?
25
Let b(i) = -3*i**2 + 6*i. Let y be b(5). Let q = y + 58. Calculate the remainder when 64 is divided by q.
12
Let s(a) = 2*a**2 - a + 15. Let t be 8/((-9)/((-54)/4)). Suppose 8*q - t*q = 0. Calculate the remainder when 29 is divided by s(q).
14
Let j(v) = v**3 - 4*v**2 + 5*v + 9. Let b be j(-4). Let w = -119 - b. Suppose 3*s + 0*s = 237. Calculate the remainder when s is divided by w.
19
Suppose -18 = -w + 4*z, -z = 3*w + z + 16. Let q be w*(-3 + (5 - 3)). Suppose -7*o = -q*o - 70. Calculate the remainder when o is divided by 8.
6
Let g = 75 - 67. Suppose -40 = -7*b + 121. What is the remainder when b is divided by g?
7
Suppose 3*u = -2*r + 2*u + 8, -3*u + 12 = 4*r. Suppose r = f + 9. Calculate the remainder when -7 - f - (-23 - 5) is divided by 7.
3
Suppose -5*r = -2*c + 78, r - 98 = -4*c - 8. Suppose 8 = -5*y + 33. Calculate the remainder when c is divided by y.
4
Let w = -131 - -20. Let k = w - -138. What is the remainder when k is divided by 6?
3
Let s = -77 + 79. Suppose 3*y + 40 = s*x, 24 = -4*x + 4*y + 112. What is the remainder when 73 is divided by x?
21
Let i be 6/(1 - 1/(-1)). Suppose 3*n - j = 189, 0 = n + i*j - 82 + 29. Let v(a) = -a**3 + 20*a**2 - 19*a + 16. What is the remainder when n is divided by v(19)?
14
Suppose 747*p = 762*p - 255. Calculate the remainder when 1478 is divided by p.
16
Let h(t) = -5*t - 1. Let x(d) = d**2 - 4*d. Let f be x(5). Let v(s) = -s + 3. Let z be v(f). What is the remainder when 15 is divided by h(z)?
6
Suppose 2*c + 95 = 5*z - 296, -4*z + 320 = 2*c. What is the remainder when 94 is divided by z?
15
Suppose 0*d = -3*d + 69. Let v be 1358/4 - (-15)/10. Suppose -k + 67 = 2*g - g, -5*k + g = -v. What is the remainder when k is divided by d?
22
Let k = -30 + 27. Let n(w) = -28*w - 2. What is the remainder when n(-3) is divided by (2 - (-34)/k)*(-3)/2?
12
Let d(w) = 4*w**2 - 3*w - 3. Let m be d(5). Suppose -2*s = -3*s + 11. What is the remainder when m/4 - (-14)/(-28) is divided by s?
9
Let f be -2*38/(-4) + -3. Let r = 27 - f. Calculate the remainder when r is divided by (-2)/(-9) + (-136)/(-36).
3
Let f = -2126 - -2153. Suppose 2*o + 5*m - 72 = o, -4*o - 5*m = -213. Suppose 13 = 4*r - o. What is the remainder when f is divided by r?
12
Suppose -8*m + 3876 = 11*m. What is the remainder when m is divided by 104?
100
Let b(c) = 14*c - 2. Let o be 3/(-3)*(1 + -1). Suppose 0*v + 3*v - 3 = o. What is the remainder when 47 is divided by b(v)?
11
Suppose -24*c = -6*c - 1656. What is the remainder when c is divided by 24?
20
Suppose 0 = 6*b - b. Suppose -m - 1 = b, m - 62 = -4*o - m. Suppose 0 = -56*d + 7*d + 1421. What is the remainder when d is divided by o?
13
Let d(n) = 97*n**2 + 3*n - 2. Let y be d(1). Calculate the remainder when y/4 + 5/(-10) is divided by 13.
11
Let o = 103 - 105. Let q = 30 - o. Calculate the remainder when 87 is divided by q.
23
Let a(g) = 9*g**2 - g + 1. Let n = 5 + -32. Let w = n + 36. Calculate the remainder when a(2) is divided by w.
8
Let v(l) be the third derivative of -l**6/120 + l**5/12 + l**4/4 + 4*l**3/3 + 10*l**2. Calculate the remainder when 55 is divided by v(6).
7
Suppose 4*y - 4 = 0, 4*a + 0 - 47 = 5*y. What is the remainder when 33 is divided by a?
7
Calculate the remainder when 98 is divided by 1*(-70)/10 + 57.
48
Let k(r) = 44*r + 170. What is the remainder when 74 is divided by k(-3)?
36
Suppose 2*x - 266 = -5*g, 5*x = -2*g + 2*x + 102. Calculate the remainder when 136 is divided by g.
28
Let d(l) = 2*l**3 - 5*l**2 - l + 4. Suppose 0 = 5*i - 8 - 12. Calculate the remainder when d(i) is divided by (-384)/(-15) - ((-39)/(-15) + -2).
23
Suppose 3*w + 0*t - 12 = 3*t, 4 = w + 2*t. Suppose 0*u - 112 = -w*u. Calculate the remainder when (-154)/(-2) + (-35)/(-7) is divided by u.
26
Suppose 4*a = 20, 3*a = 5*v - a - 220. Let c = v - 22. Calculate the remainder when 103 is divided by c.
25
Let q be (-4)/(-20) - 24/(-5). Suppose -5*k - q*w = -2*w - 66, -3*w - 9 = 0. Suppose 0 = a - 7*a + 252. Calculate the remainder when a is divided by k.
12
Suppose 5*g - 1362 = -4*z, -2*z + 6*z + 8 = 0. Calculate the remainder when g is divided by 20.
14
Let p be 16/56 - (-5)/7. Suppose 2*a = -4*y + 162, a = 2*a - p. Calculate the remainder when y is divided by 7.
5
Let t(x) = 3*x**2 + 2*x + 1. Let z be t(-1). Let v be (z - 2 - -1)/(-1). What is the remainder when 4/v*86/(-8) is divided by 15?
13
Let b(a) = a**3 - 8*a**2 + 8*a - 7. Let g be b(7). Suppose -15*k + 8*k + 224 = g. What is the remainder when k is divided by 12?
8
Let a(k) = k. Suppose -7*x + 9*x + 10 = 0. Calculate the remainder when 73/8 + x/40 is divided by a(5).
4
Let g(z) = -z**3 + 4*z**2 + 5*z - 2. Let v be g(5). Let s(r) = r**3 + 4*r**2 + 2*r - 1. Calculate the remainder when (-6)/v + -3*10/(-15) is divided by s(-2).
2
Let b = -25 + 28. Suppose 4*x = b*x + 9. Suppose -4*f - 5 = -x*f. What is the remainder when f is divided by 1?
0
Let q = -809 - -822. Suppose 3*l - v - 39 = 37, -4*l + 99 = v. Calculate the remainder when l is divided by q.
12
Let f = 512 - 198. What is the remainder when f is divided by 45?
44
Let k(d) = -d**3 + 4*d**2 + d - 3. Let m be k(3). Suppose -14*n = -m*n - 320. Calculate the remainder when n is divided by 13.
12
Let d(g) = -g**2 + 6*g + 22. Let c(z) = 2*z**2 - 13*z - 44. Let h(j) = 6*c(j) + 11*d(j). What is the remainder when h(15) is divided by 6?
5
Suppose 0 = 4*i - i + 408. Let y = i + 288. Calculate the remainder when y is divided by 22.
20
Let q = 112 - 110. Suppose -a = -q*a + 12. Calculate the remainder when 56 is divided by a.
8
Let b = -12 - -17. Let f = 180 + -164. Calculate the remainder when f is divided by b.
1
Let q(z) = -27*z + 603. What is the remainder when 82 is divided by q(21)?
10
Let b = 24 + -13. Let p = -13757 + 13831. What is the remainder when p is divided by b?
8
Let q(a) = -a**2 - 9*a - 30. Let n be q(-7). What is the remainder when (-34)/(0 - (0 - -1)) is divided by n/(-28) + (-80)/(-7)?
10
Let v(m) = -m**3 - 25*m**2 - 104*m - 47. Let r(i) = -i**3 + 11*i**2 + 13. What is the remainder when v(-20) is divided by r(11)?
7
Suppose -2*b = 3*b - 40. Suppose -4*g + b = -0. Let j(r) = 15*r + 3. What is the remainder when j(g) is divided by 9?
6
Suppose 272 + 48 = 8*r. Let c = 22 - r. Let b = -10 - c. What is the remainder when 15 is divided by b?
7
Let w = 60 - -56. Calculate the remainder when 578 is divided by w.
114
Suppose -5863*x - 316 = -5867*x. Calculate the remainder when 291 is divided by x.
54
Let v = 956 + -905. What is the remainder when v is divided by 14?
9
Suppose 16*a = 4755 + 109. Calculate the remainder when a is divided by 51.
49
Let b(o) = 2*o**2 + 35*o + 62. What is the remainder when b(-27) is divided by 53?
45
Let c(h) = -7*h**2 - 79*h**3 + 153*h**3 + 1 + 4*h - 75*h**3. What is the remainder when c(-8) is divided by 19?
14
Suppose -5*m = -6*m + 7. Calculate the remainder when (-1*(20 - m))/(1/(-2)) is divided by 14.
12
Let s = -10 - -17. Let i(m) = -m**3 + 7*m**2 - 7*m - 5. Let o be i(s). Let c = o - -97. Calculate the remainder when c is divided by 11.
10
Let p = 255 + -253. Calculate the remainder when 19 is divided by p.
1
Let v(u) = 2*u**2 - u - 2. Let b = -27 - -17. Calculate the remainder when b/45 - 209/(-9) is divided by v(-2).
7
Suppose -o = -5*o + 2*k + 256, -k = 4*o - 256. Calculate the remainder when o is divided by (216/30)/(2/5) + -5.
12
Let x be (-2 + 2 + -3)*4/(-12). Let t(z) = 61*z - 1. What is the remainder when t(x) is divided by 21?
18
Suppose 4*d - 215 - 86 = 5*a, -5*d + 3*a + 360 = 0. Let k = -1001 + 1019. Calculate the remainder when d is divided by k.
15
Let u(k) = k**3 + 12*k**2 + 5*k 